{"id":89181,"date":"2024-11-04T16:38:40","date_gmt":"2024-11-04T15:38:40","guid":{"rendered":"https:\/\/shop.cafedeflore.fr\/produit\/coupe-salade-de-fruits\/"},"modified":"2025-01-24T11:18:32","modified_gmt":"2025-01-24T10:18:32","slug":"coupe-salade-de-fruits","status":"publish","type":"product","link":"https:\/\/shop.cafedeflore.fr\/es\/produit\/coupe-salade-de-fruits\/","title":{"rendered":"Coupe Salade de fruits"},"content":{"rendered":"","protected":false},"excerpt":{"rendered":"<p>Coupe Salade de fruits<\/p>\n<p>Id\u00e9al pour accompagner vos petits d\u00e9jeuners<\/p>\n<p>Porcelaine Fran\u00e7aise<\/p>\n","protected":false},"featured_media":20246,"template":"","meta":[],"product_brand":[],"product_cat":[84],"product_tag":[],"class_list":{"0":"post-89181","1":"product","2":"type-product","3":"status-publish","4":"has-post-thumbnail","6":"product_cat-vajilla","8":"first","9":"instock","10":"taxable","11":"shipping-taxable","12":"purchasable","13":"product-type-simple"},"yoast_head":"<!-- This site is optimized with the Yoast SEO plugin v27.4 - https:\/\/yoast.com\/product\/yoast-seo-wordpress\/ -->\n<title>Coupe Salade de fruits - Caf\u00e9 de Flore<\/title>\n<meta name=\"robots\" content=\"index, follow, max-snippet:-1, max-image-preview:large, max-video-preview:-1\" \/>\n<link rel=\"canonical\" href=\"https:\/\/shop.cafedeflore.fr\/es\/produit\/coupe-salade-de-fruits\/\" \/>\n<meta property=\"og:locale\" content=\"es_ES\" \/>\n<meta property=\"og:type\" content=\"article\" \/>\n<meta property=\"og:title\" content=\"Coupe Salade de fruits - Caf\u00e9 de Flore\" \/>\n<meta property=\"og:description\" content=\"Coupe Salade de fruits  Id\u00e9al pour accompagner vos petits d\u00e9jeuners  Porcelaine Fran\u00e7aise\" \/>\n<meta property=\"og:url\" content=\"https:\/\/shop.cafedeflore.fr\/es\/produit\/coupe-salade-de-fruits\/\" \/>\n<meta property=\"og:site_name\" content=\"Caf\u00e9 de Flore\" \/>\n<meta property=\"article:modified_time\" content=\"2025-01-24T10:18:32+00:00\" \/>\n<meta property=\"og:image\" content=\"https:\/\/shop.cafedeflore.fr\/wp-content\/uploads\/2021\/12\/cafe_de_flore_logo.png\" \/>\n\t<meta property=\"og:image:width\" content=\"370\" \/>\n\t<meta property=\"og:image:height\" content=\"108\" \/>\n\t<meta property=\"og:image:type\" content=\"image\/png\" \/>\n<meta name=\"twitter:card\" content=\"summary_large_image\" \/>\n<script type=\"application\/ld+json\" class=\"yoast-schema-graph\">{\"@context\":\"https:\\\/\\\/schema.org\",\"@graph\":[{\"@type\":\"WebPage\",\"@id\":\"https:\\\/\\\/shop.cafedeflore.fr\\\/es\\\/produit\\\/coupe-salade-de-fruits\\\/\",\"url\":\"https:\\\/\\\/shop.cafedeflore.fr\\\/es\\\/produit\\\/coupe-salade-de-fruits\\\/\",\"name\":\"Coupe Salade de fruits - Caf\u00e9 de Flore\",\"isPartOf\":{\"@id\":\"https:\\\/\\\/shop.cafedeflore.fr\\\/es\\\/#website\"},\"primaryImageOfPage\":{\"@id\":\"https:\\\/\\\/shop.cafedeflore.fr\\\/es\\\/produit\\\/coupe-salade-de-fruits\\\/#primaryimage\"},\"image\":{\"@id\":\"https:\\\/\\\/shop.cafedeflore.fr\\\/es\\\/produit\\\/coupe-salade-de-fruits\\\/#primaryimage\"},\"thumbnailUrl\":\"https:\\\/\\\/shop.cafedeflore.fr\\\/wp-content\\\/uploads\\\/2021\\\/12\\\/cafe_de_flore_logo.png\",\"datePublished\":\"2024-11-04T15:38:40+00:00\",\"dateModified\":\"2025-01-24T10:18:32+00:00\",\"breadcrumb\":{\"@id\":\"https:\\\/\\\/shop.cafedeflore.fr\\\/es\\\/produit\\\/coupe-salade-de-fruits\\\/#breadcrumb\"},\"inLanguage\":\"es\",\"potentialAction\":[{\"@type\":\"ReadAction\",\"target\":[\"https:\\\/\\\/shop.cafedeflore.fr\\\/es\\\/produit\\\/coupe-salade-de-fruits\\\/\"]}]},{\"@type\":\"ImageObject\",\"inLanguage\":\"es\",\"@id\":\"https:\\\/\\\/shop.cafedeflore.fr\\\/es\\\/produit\\\/coupe-salade-de-fruits\\\/#primaryimage\",\"url\":\"https:\\\/\\\/shop.cafedeflore.fr\\\/wp-content\\\/uploads\\\/2021\\\/12\\\/cafe_de_flore_logo.png\",\"contentUrl\":\"https:\\\/\\\/shop.cafedeflore.fr\\\/wp-content\\\/uploads\\\/2021\\\/12\\\/cafe_de_flore_logo.png\",\"width\":370,\"height\":108},{\"@type\":\"BreadcrumbList\",\"@id\":\"https:\\\/\\\/shop.cafedeflore.fr\\\/es\\\/produit\\\/coupe-salade-de-fruits\\\/#breadcrumb\",\"itemListElement\":[{\"@type\":\"ListItem\",\"position\":1,\"name\":\"Boutique\",\"item\":\"https:\\\/\\\/shop.cafedeflore.fr\\\/es\\\/boutique\\\/\"},{\"@type\":\"ListItem\",\"position\":2,\"name\":\"Coupe Salade de fruits\"}]},{\"@type\":\"WebSite\",\"@id\":\"https:\\\/\\\/shop.cafedeflore.fr\\\/es\\\/#website\",\"url\":\"https:\\\/\\\/shop.cafedeflore.fr\\\/es\\\/\",\"name\":\"Caf\u00e9 de Flore\",\"description\":\"La boutique du Caf\u00e9 de Flore\",\"publisher\":{\"@id\":\"https:\\\/\\\/shop.cafedeflore.fr\\\/es\\\/#organization\"},\"potentialAction\":[{\"@type\":\"SearchAction\",\"target\":{\"@type\":\"EntryPoint\",\"urlTemplate\":\"https:\\\/\\\/shop.cafedeflore.fr\\\/es\\\/?s={search_term_string}\"},\"query-input\":{\"@type\":\"PropertyValueSpecification\",\"valueRequired\":true,\"valueName\":\"search_term_string\"}}],\"inLanguage\":\"es\"},{\"@type\":\"Organization\",\"@id\":\"https:\\\/\\\/shop.cafedeflore.fr\\\/es\\\/#organization\",\"name\":\"Caf\u00e9 de Flore\",\"url\":\"https:\\\/\\\/shop.cafedeflore.fr\\\/es\\\/\",\"logo\":{\"@type\":\"ImageObject\",\"inLanguage\":\"es\",\"@id\":\"https:\\\/\\\/shop.cafedeflore.fr\\\/es\\\/#\\\/schema\\\/logo\\\/image\\\/\",\"url\":\"https:\\\/\\\/shop.cafedeflore.fr\\\/wp-content\\\/uploads\\\/2021\\\/12\\\/cafe_de_flore_logo.png\",\"contentUrl\":\"https:\\\/\\\/shop.cafedeflore.fr\\\/wp-content\\\/uploads\\\/2021\\\/12\\\/cafe_de_flore_logo.png\",\"width\":370,\"height\":108,\"caption\":\"Caf\u00e9 de Flore\"},\"image\":{\"@id\":\"https:\\\/\\\/shop.cafedeflore.fr\\\/es\\\/#\\\/schema\\\/logo\\\/image\\\/\"}}]}<\/script>\n<!-- \/ Yoast SEO plugin. -->","yoast_head_json":{"title":"Coupe Salade de fruits - Caf\u00e9 de Flore","robots":{"index":"index","follow":"follow","max-snippet":"max-snippet:-1","max-image-preview":"max-image-preview:large","max-video-preview":"max-video-preview:-1"},"canonical":"https:\/\/shop.cafedeflore.fr\/es\/produit\/coupe-salade-de-fruits\/","og_locale":"es_ES","og_type":"article","og_title":"Coupe Salade de fruits - Caf\u00e9 de Flore","og_description":"Coupe Salade de fruits  Id\u00e9al pour accompagner vos petits d\u00e9jeuners  Porcelaine Fran\u00e7aise","og_url":"https:\/\/shop.cafedeflore.fr\/es\/produit\/coupe-salade-de-fruits\/","og_site_name":"Caf\u00e9 de Flore","article_modified_time":"2025-01-24T10:18:32+00:00","og_image":[{"width":370,"height":108,"url":"https:\/\/shop.cafedeflore.fr\/wp-content\/uploads\/2021\/12\/cafe_de_flore_logo.png","type":"image\/png"}],"twitter_card":"summary_large_image","schema":{"@context":"https:\/\/schema.org","@graph":[{"@type":"WebPage","@id":"https:\/\/shop.cafedeflore.fr\/es\/produit\/coupe-salade-de-fruits\/","url":"https:\/\/shop.cafedeflore.fr\/es\/produit\/coupe-salade-de-fruits\/","name":"Coupe Salade de fruits - Caf\u00e9 de Flore","isPartOf":{"@id":"https:\/\/shop.cafedeflore.fr\/es\/#website"},"primaryImageOfPage":{"@id":"https:\/\/shop.cafedeflore.fr\/es\/produit\/coupe-salade-de-fruits\/#primaryimage"},"image":{"@id":"https:\/\/shop.cafedeflore.fr\/es\/produit\/coupe-salade-de-fruits\/#primaryimage"},"thumbnailUrl":"https:\/\/shop.cafedeflore.fr\/wp-content\/uploads\/2021\/12\/cafe_de_flore_logo.png","datePublished":"2024-11-04T15:38:40+00:00","dateModified":"2025-01-24T10:18:32+00:00","breadcrumb":{"@id":"https:\/\/shop.cafedeflore.fr\/es\/produit\/coupe-salade-de-fruits\/#breadcrumb"},"inLanguage":"es","potentialAction":[{"@type":"ReadAction","target":["https:\/\/shop.cafedeflore.fr\/es\/produit\/coupe-salade-de-fruits\/"]}]},{"@type":"ImageObject","inLanguage":"es","@id":"https:\/\/shop.cafedeflore.fr\/es\/produit\/coupe-salade-de-fruits\/#primaryimage","url":"https:\/\/shop.cafedeflore.fr\/wp-content\/uploads\/2021\/12\/cafe_de_flore_logo.png","contentUrl":"https:\/\/shop.cafedeflore.fr\/wp-content\/uploads\/2021\/12\/cafe_de_flore_logo.png","width":370,"height":108},{"@type":"BreadcrumbList","@id":"https:\/\/shop.cafedeflore.fr\/es\/produit\/coupe-salade-de-fruits\/#breadcrumb","itemListElement":[{"@type":"ListItem","position":1,"name":"Boutique","item":"https:\/\/shop.cafedeflore.fr\/es\/boutique\/"},{"@type":"ListItem","position":2,"name":"Coupe Salade de fruits"}]},{"@type":"WebSite","@id":"https:\/\/shop.cafedeflore.fr\/es\/#website","url":"https:\/\/shop.cafedeflore.fr\/es\/","name":"Caf\u00e9 de Flore","description":"La boutique du Caf\u00e9 de Flore","publisher":{"@id":"https:\/\/shop.cafedeflore.fr\/es\/#organization"},"potentialAction":[{"@type":"SearchAction","target":{"@type":"EntryPoint","urlTemplate":"https:\/\/shop.cafedeflore.fr\/es\/?s={search_term_string}"},"query-input":{"@type":"PropertyValueSpecification","valueRequired":true,"valueName":"search_term_string"}}],"inLanguage":"es"},{"@type":"Organization","@id":"https:\/\/shop.cafedeflore.fr\/es\/#organization","name":"Caf\u00e9 de Flore","url":"https:\/\/shop.cafedeflore.fr\/es\/","logo":{"@type":"ImageObject","inLanguage":"es","@id":"https:\/\/shop.cafedeflore.fr\/es\/#\/schema\/logo\/image\/","url":"https:\/\/shop.cafedeflore.fr\/wp-content\/uploads\/2021\/12\/cafe_de_flore_logo.png","contentUrl":"https:\/\/shop.cafedeflore.fr\/wp-content\/uploads\/2021\/12\/cafe_de_flore_logo.png","width":370,"height":108,"caption":"Caf\u00e9 de Flore"},"image":{"@id":"https:\/\/shop.cafedeflore.fr\/es\/#\/schema\/logo\/image\/"}}]}},"_links":{"self":[{"href":"https:\/\/shop.cafedeflore.fr\/es\/wp-json\/wp\/v2\/product\/89181","targetHints":{"allow":["GET"]}}],"collection":[{"href":"https:\/\/shop.cafedeflore.fr\/es\/wp-json\/wp\/v2\/product"}],"about":[{"href":"https:\/\/shop.cafedeflore.fr\/es\/wp-json\/wp\/v2\/types\/product"}],"wp:featuredmedia":[{"embeddable":true,"href":"https:\/\/shop.cafedeflore.fr\/es\/wp-json\/wp\/v2\/media\/20246"}],"wp:attachment":[{"href":"https:\/\/shop.cafedeflore.fr\/es\/wp-json\/wp\/v2\/media?parent=89181"}],"wp:term":[{"taxonomy":"product_brand","embeddable":true,"href":"https:\/\/shop.cafedeflore.fr\/es\/wp-json\/wp\/v2\/product_brand?post=89181"},{"taxonomy":"product_cat","embeddable":true,"href":"https:\/\/shop.cafedeflore.fr\/es\/wp-json\/wp\/v2\/product_cat?post=89181"},{"taxonomy":"product_tag","embeddable":true,"href":"https:\/\/shop.cafedeflore.fr\/es\/wp-json\/wp\/v2\/product_tag?post=89181"}],"curies":[{"name":"wp","href":"https:\/\/api.w.org\/{rel}","templated":true}]}}

<p>Coupe Salade de fruits</p>
<p>Idéal pour accompagner vos petits déjeuners</p>
<p>Porcelaine Française</p>

<!-- This site is optimized with the Yoast SEO plugin v27.4 - https://yoast.com/product/yoast-seo-wordpress/ -->
<title>Coupe Salade de fruits - Café de Flore</title>
<meta name="robots" content="index, follow, max-snippet:-1, max-image-preview:large, max-video-preview:-1" />
<link rel="canonical" href="https://shop.cafedeflore.fr/es/produit/coupe-salade-de-fruits/" />
<meta property="og:locale" content="es_ES" />
<meta property="og:type" content="article" />
<meta property="og:title" content="Coupe Salade de fruits - Café de Flore" />
<meta property="og:description" content="Coupe Salade de fruits  Idéal pour accompagner vos petits déjeuners  Porcelaine Française" />
<meta property="og:url" content="https://shop.cafedeflore.fr/es/produit/coupe-salade-de-fruits/" />
<meta property="og:site_name" content="Café de Flore" />
<meta property="article:modified_time" content="2025-01-24T10:18:32+00:00" />
<meta property="og:image" content="https://shop.cafedeflore.fr/wp-content/uploads/2021/12/cafe_de_flore_logo.png" />
	<meta property="og:image:width" content="370" />
	<meta property="og:image:height" content="108" />
	<meta property="og:image:type" content="image/png" />
<meta name="twitter:card" content="summary_large_image" />
<script type="application/ld+json" class="yoast-schema-graph">{"@context":"https:\/\/schema.org","@graph":[{"@type":"WebPage","@id":"https:\/\/shop.cafedeflore.fr\/es\/produit\/coupe-salade-de-fruits\/","url":"https:\/\/shop.cafedeflore.fr\/es\/produit\/coupe-salade-de-fruits\/","name":"Coupe Salade de fruits - Café de Flore","isPartOf":{"@id":"https:\/\/shop.cafedeflore.fr\/es\/#website"},"primaryImageOfPage":{"@id":"https:\/\/shop.cafedeflore.fr\/es\/produit\/coupe-salade-de-fruits\/#primaryimage"},"image":{"@id":"https:\/\/shop.cafedeflore.fr\/es\/produit\/coupe-salade-de-fruits\/#primaryimage"},"thumbnailUrl":"https:\/\/shop.cafedeflore.fr\/wp-content\/uploads\/2021\/12\/cafe_de_flore_logo.png","datePublished":"2024-11-04T15:38:40+00:00","dateModified":"2025-01-24T10:18:32+00:00","breadcrumb":{"@id":"https:\/\/shop.cafedeflore.fr\/es\/produit\/coupe-salade-de-fruits\/#breadcrumb"},"inLanguage":"es","potentialAction":[{"@type":"ReadAction","target":["https:\/\/shop.cafedeflore.fr\/es\/produit\/coupe-salade-de-fruits\/"]}]},{"@type":"ImageObject","inLanguage":"es","@id":"https:\/\/shop.cafedeflore.fr\/es\/produit\/coupe-salade-de-fruits\/#primaryimage","url":"https:\/\/shop.cafedeflore.fr\/wp-content\/uploads\/2021\/12\/cafe_de_flore_logo.png","contentUrl":"https:\/\/shop.cafedeflore.fr\/wp-content\/uploads\/2021\/12\/cafe_de_flore_logo.png","width":370,"height":108},{"@type":"BreadcrumbList","@id":"https:\/\/shop.cafedeflore.fr\/es\/produit\/coupe-salade-de-fruits\/#breadcrumb","itemListElement":[{"@type":"ListItem","position":1,"name":"Boutique","item":"https:\/\/shop.cafedeflore.fr\/es\/boutique\/"},{"@type":"ListItem","position":2,"name":"Coupe Salade de fruits"}]},{"@type":"WebSite","@id":"https:\/\/shop.cafedeflore.fr\/es\/#website","url":"https:\/\/shop.cafedeflore.fr\/es\/","name":"Café de Flore","description":"La boutique du Café de Flore","publisher":{"@id":"https:\/\/shop.cafedeflore.fr\/es\/#organization"},"potentialAction":[{"@type":"SearchAction","target":{"@type":"EntryPoint","urlTemplate":"https:\/\/shop.cafedeflore.fr\/es\/?s={search_term_string}"},"query-input":{"@type":"PropertyValueSpecification","valueRequired":true,"valueName":"search_term_string"}}],"inLanguage":"es"},{"@type":"Organization","@id":"https:\/\/shop.cafedeflore.fr\/es\/#organization","name":"Café de Flore","url":"https:\/\/shop.cafedeflore.fr\/es\/","logo":{"@type":"ImageObject","inLanguage":"es","@id":"https:\/\/shop.cafedeflore.fr\/es\/#\/schema\/logo\/image\/","url":"https:\/\/shop.cafedeflore.fr\/wp-content\/uploads\/2021\/12\/cafe_de_flore_logo.png","contentUrl":"https:\/\/shop.cafedeflore.fr\/wp-content\/uploads\/2021\/12\/cafe_de_flore_logo.png","width":370,"height":108,"caption":"Café de Flore"},"image":{"@id":"https:\/\/shop.cafedeflore.fr\/es\/#\/schema\/logo\/image\/"}}]}</script>
<!-- / Yoast SEO plugin. -->

Coupe Salade de fruits - Café de Flore

Coupe Salade de fruits  Idéal pour accompagner vos petits déjeuners  Porcelaine Française

Café de Flore

La boutique du Café de Flore
